it of u?
4
Let p = -1242 - -1979. What is the units digit of p?
7
Suppose -l - 2*l + 6 = 0. Let a be (1 - 3) + 2/l. What is the tens digit of (-32)/(0 - 2 - a)?
3
Suppose -180 = 4*l + 4*j - 804, -l = 2*j - 157. Let i = l - 13. What is the units digit of i?
2
Let c(a) = -2*a - 3 - 9 + 5. Let v be c(-9). What is the tens digit of 0/3 - (1 - v)?
1
Suppose 4*z = -14 + 2. What is the units digit of z - (0 + 4)*-3?
9
Let l be 2*2/4 - (0 - -143). What is the tens digit of l/(-1) - 2/(6/(-3))?
4
Suppose -4*u + 1780 = -436. What is the hundreds digit of u?
5
Let v = -34 - -38. Suppose -44 = -5*a + 3*m - 17, v*m + 10 = -2*a. What is the units digit of a?
3
Suppose s - 21 = 4*b, -4*b = 2*s + b + 10. Suppose 2*t - 5 = -2*o + 439, -886 = -4*t - s*o. What is the units digit of t?
4
What is the units digit of 1209/6 + 2 - 3/6?
3
Let y = -4 + 9. Let f = 31 - y. Suppose -o + f = o. What is the tens digit of o?
1
Suppose -8*q + 3089 = -10767. What is the units digit of q?
2
Let q(h) = 1053*h**2 - 5*h. What is the units digit of q(1)?
8
Let o be 51/(-2)*(-8)/12. Suppose o = g - f + 67, 5*g = -2*f - 229. Let l = -26 - g. What is the tens digit of l?
2
Let m(l) = -9*l - 3. Suppose 22 - 14 = -o. What is the units digit of m(o)?
9
Let q = 14 + -14. Suppose q = -5*o + 3*o + 188. Suppose o = 4*p - 182. What is the units digit of p?
9
Suppose -5776 = -4*w - 4*s, w - 1449 = -6*s + 10*s. What is the tens digit of w?
4
Suppose -3*t - 7688 - 3760 = -5*z, 3*z - 5*t - 6872 = 0. What is the tens digit of z?
8
Let w = 18 - -3. Suppose w*n - 128 = 5*n. What is the units digit of n?
8
What is the tens digit of (704/80)/(4/1070)?
5
Let y(z) = -z**2 + 46*z + 138. What is the hundreds digit of y(34)?
5
Suppose 0 = -4*i - 2 + 50. Suppose 3*y + i = 0, 3*u = 2*y - 11 + 55. Suppose 0 = -l + u + 14. What is the tens digit of l?
2
Let f = -165 + 574. Suppose -5*d - 34 = -f. What is the tens digit of d?
7
Let h(n) = 86*n - 50*n + 12 - 53*n. What is the units digit of h(-4)?
0
Suppose -4*z = -25 + 1. Suppose 0 = 2*y + 2*y - 12. Suppose z*k = y*k + 96. What is the tens digit of k?
3
Let p = -845 - -1342. What is the tens digit of p?
9
Let t(x) = 6*x - 2*x**2 - 6 - 42*x**3 - 2*x + 36*x**3. What is the hundreds digit of t(-3)?
1
Let d be (1/(-2))/((-4)/(-296)). Let b = d + 75. What is the units digit of b?
8
Let b = -189 - -2404. What is the hundreds digit of b?
2
Suppose -2*j - z - 505 + 5 = 0, j + 250 = 3*z. What is the units digit of (-2)/4*j/5?
5
Suppose y - 2*g = 105, -g + 481 = -2*y + 7*y. What is the units digit of y?
7
Suppose -3*g + 683 = 4*l, 8*g = 5*l + 10*g - 845. What is the hundreds digit of l?
1
Suppose y - 4*n - 379 = 102, 3*n + 15 = 0. What is the tens digit of y?
6
Let v be ((-123)/6 + -3)*(-3 - 1). Suppose 3*d + v = 5*d. What is the tens digit of d?
4
Let q(g) be the second derivative of -g**3/2 - 5*g**2 - 2*g. Let a be q(5). Let r = a - -37. What is the units digit of r?
2
Let u(l) = 186 + l - 2*l - 4 - 31. What is the units digit of u(0)?
1
Let c(k) = -7*k**2 - 2*k + 2. Let z be c(1). Let t = -2 - z. Suppose -5 - t = -g. What is the units digit of g?
0
Suppose -8*q - 4 = -220. Let y = q + -17. What is the units digit of y?
0
Let h(z) be the third derivative of 5*z**5/12 - 5*z**4/24 + z**3/6 + 4*z**2. What is the tens digit of h(2)?
9
Let i(q) = 722*q**3 - q. Let x be i(1). Suppose 796 = 5*w - 5*r - 109, 4*w - x = 5*r. What is the hundreds digit of w?
1
Let i = 301 - -518. What is the hundreds digit of i?
8
Suppose 6 = -2*q + 16. Let n be -2*(99/6)/(-3). Let b = n - q. What is the units digit of b?
6
Suppose d = 3*k - 11, -5*k + 4*d = -0 - 30. Suppose -k*j = j - 201. What is the units digit of j?
7
Suppose 5*b = v - 29, -34 = 5*b - v + 5*v. Let c(r) = -65*r + 12. Let t be c(b). Suppose 2*k - t = -4*k. What is the tens digit of k?
6
Let j(l) = l**3 - 18*l**2 - 21*l + 40. Let m be j(19). Suppose 2*n - m = 4. What is the units digit of n?
3
Let k(x) = -1 + 3*x + 2*x**2 - x + 12 + 2*x. What is the units digit of k(-9)?
7
What is the hundreds digit of -79*(-4 - (2 - 0))?
4
Suppose 2*s = 4*s - 5*a - 327, -s + 4*a + 162 = 0. Suppose m + 117 = 5*o - 86, s = 4*o + m. Suppose -8 - o = -y. What is the tens digit of y?
4
Let b(y) = 139*y + 82. What is the units digit of b(6)?
6
What is the units digit of (-13)/(78/(-1476)) - -3?
9
Let s be (-135)/(-3) + -3 + 2. Let t = 75 - s. What is the units digit of t?
1
Let q(x) = -30*x - 18. Let t be q(-8). Let c = t + -93. What is the hundreds digit of c?
1
Let h(u) = 3*u + 2*u**2 + 4*u + 0*u + 1. What is the units digit of h(7)?
8
Let a(u) = 3*u**2 + 7*u - 29. Let b be a(-9). Let x = -52 + b. What is the tens digit of x?
9
Let s = 205 + 1706. What is the thousands digit of s?
1
Suppose -n = 3*v - 778, -4*v + 0*n + 2*n = -1044. Let u = v + -155. What is the tens digit of u?
0
Let m = -2040 - -3982. What is the thousands digit of m?
1
Suppose -69*g - k = -70*g + 4659, 4 = k. What is the tens digit of g?
6
Let v(z) = -3*z - 19. Let p be v(-7). Suppose -a + x + 48 = 0, a - 18 = -p*x + 24. What is the tens digit of a?
4
Let i = -7 - -21. What is the hundreds digit of i/8 + -1 + 1002/8?
1
Let w(r) be the third derivative of 19*r**5/60 - r**4/24 + r**3 - 14*r**2. What is the tens digit of w(2)?
8
Let x(n) = 3*n**2 - 59*n + 17. What is the tens digit of x(-21)?
7
What is the tens digit of (3/2)/((-1)/((-5536)/24))?
4
Let i = 6 - 14. Let g be (16/(-5) - -2)*(20 - 25). What is the units digit of -6*1*i/g?
8
Let p(s) = 4*s - 40. Let v be p(12). What is the units digit of (-1594)/(-8) - 2/v?
9
Let d = -265 - -431. Let s = d + 66. What is the tens digit of s?
3
Let c = 3379 - 2324. What is the units digit of c?
5
Let w(k) = -7*k**3 + 16*k**2 - 5*k - 7. Let n(o) = -4*o**3 + 8*o**2 - 3*o - 4. Let v(x) = 5*n(x) - 3*w(x). What is the units digit of v(8)?
1
Let o = 151 - 46. What is the hundreds digit of o?
1
Let b = -648 + 1839. What is the thousands digit of b?
1
Let d(s) = s**3 - 7*s**2 - 5*s + 10. Let c be -2 - (-12)/8 - 34/(-4). What is the units digit of d(c)?
4
Let j(f) = f**2 + f - 13. Suppose -9*u + 94 = -5. What is the tens digit of j(u)?
1
Let l = 1166 - 643. What is the tens digit of l?
2
Let z(r) be the second derivative of r**5/20 - 3*r**4/2 - 5*r**3/2 - 21*r**2 - 12*r. What is the tens digit of z(19)?
3
Let q(c) = 68*c + 7. Let s = 34 - 32. What is the units digit of q(s)?
3
Let x be 1*(3 + 4/(-4)*3). Let k = x - -14. What is the units digit of k?
4
Let o(d) = 58*d + 44. What is the units digit of o(7)?
0
Suppose 0 = t - 4*i - 9, -3*t = -5*i - 12 - 8. Suppose -h - 280 = -4*c + 3*h, 390 = t*c + 5*h. What is the tens digit of c?
7
Let u(t) = 10*t**2 + 5. Let y be u(4). Suppose -35*x - y = -40*x. What is the tens digit of x?
3
Let a(x) = x - 12. Let r be a(14). Let m(v) = 3*v - 2. Let z be m(2). Suppose r*q - 70 = d, q + z*d = d + 49. What is the tens digit of q?
3
Suppose 2*d + 0 - 2 = 0. Let i be 4 + -3 + 4/d. Suppose -i + 11 = 3*n. What is the units digit of n?
2
Suppose 2*n = -4*g - 66, -n - 5*g - 36 - 12 = 0. Suppose 2*c - 3*c = -33. Let w = c + n. What is the tens digit of w?
1
Suppose 4*q = -2*f + 12, -6*q - 4*f = -q - 18. Suppose 4*z = 4*s + 28, -q*z - 15 = -3*z - 3*s. What is the units digit of z?
9
Let h = -436 + 1073. What is the units digit of h?
7
Suppose -8*b + 213 = -5*b. Suppose -s + b = 4. What is the tens digit of s?
6
Let n be (-1)/3*1/((-2)/24). Suppose -n*x + 297 = 69. What is the tens digit of x?
5
Let a = -2199 - -3141. What is the units digit of a?
2
Suppose -517 = -3*w - 2*f, -w + 2 = 5*f - 192. Suppose 2*r + 39 = w. What is the tens digit of r?
6
Let o(f) = 15*f + 2 - 2 - 3. Suppose 0 = n + n - 6. What is the tens digit of o(n)?
4
Suppose -62*h + 45*h = -4998. What is the tens digit of h?
9
Suppose -2*s - 2757 = -i, -4*i - 4*s = -9*i + 13803. What is the tens digit of i?
6
Suppose -4*f = -5*w + 1705, -5*f = w + 2471 - 376. What is the units digit of f/(-5) - -5 - -2?
1
Let v(q) = 5*q**3 - q**2 + q - 1. Let n be v(1). Suppose 0*w - 245 = -n*w + l, 4*l = -4*w + 240. What is the units digit of w?
1
Let b be (4/(-8))/((-2)/48). Let o be -15*((-100)/b)/5. Let n = -6 + o. What is the units digit of n?
9
Let m(o) be the third derivative of o**6/360 - o**5/10 - o**4/2 + o**3/2 - 8*o**2. Let q(f) be the first derivative of m(f)